89?
8
What is the hundreds digit of 308?
3
What is the hundreds digit of 29365?
3
What is the hundreds digit of 6995?
9
What is the thousands digit of 1356?
1
What is the tens digit of 687?
8
What is the units digit of 11034?
4
What is the ten thousands digit of 125862?
2
What is the hundreds digit of 45199?
1
What is the hundreds digit of 9505?
5
What is the hundred thousands digit of 120192?
1
What is the ten thousands digit of 21605?
2
What is the units digit of 4917?
7
What is the units digit of 5141?
1
What is the units digit of 1964?
4
What is the thousands digit of 1879?
1
What is the thousands digit of 1197?
1
What is the thousands digit of 4569?
4
What is the tens digit of 32706?
0
What is the units digit of 2485?
5
What is the hundreds digit of 4739?
7
What is the thousands digit of 96040?
6
What is the tens digit of 802?
0
What is the units digit of 451?
1
What is the thousands digit of 1040?
1
What is the thousands digit of 2103?
2
What is the hundreds digit of 9085?
0
What is the tens digit of 35967?
6
What is the thousands digit of 2011?
2
What is the tens digit of 1602?
0
What is the tens digit of 364?
6
What is the units digit of 6610?
0
What is the hundreds digit of 137?
1
What is the hundreds digit of 11073?
0
What is the hundreds digit of 2699?
6
What is the thousands digit of 29310?
9
What is the units digit of 22809?
9
What is the hundreds digit of 3053?
0
What is the hundreds digit of 819?
8
What is the hundreds digit of 4534?
5
What is the units digit of 1648?
8
What is the units digit of 86?
6
What is the thousands digit of 1434?
1
What is the tens digit of 31902?
0
What is the units digit of 2343?
3
What is the ten thousands digit of 27945?
2
What is the units digit of 11572?
2
What is the units digit of 25643?
3
What is the units digit of 10309?
9
What is the tens digit of 3250?
5
What is the tens digit of 706?
0
What is the hundreds digit of 11285?
2
What is the thousands digit of 97710?
7
What is the thousands digit of 2252?
2
What is the thousands digit of 2887?
2
What is the units digit of 644?
4
What is the units digit of 5115?
5
What is the tens digit of 1307?
0
What is the tens digit of 1211?
1
What is the units digit of 35363?
3
What is the units digit of 74063?
3
What is the hundreds digit of 18944?
9
What is the units digit of 671?
1
What is the hundreds digit of 4621?
6
What is the hundreds digit of 70419?
4
What is the ten thousands digit of 109139?
0
What is the tens digit of 742?
4
What is the units digit of 899?
9
What is the hundreds digit of 988?
9
What is the hundreds digit of 4054?
0
What is the thousands digit of 18206?
8
What is the thousands digit of 4784?
4
What is the thousands digit of 2421?
2
What is the tens digit of 3015?
1
What is the units digit of 755?
5
What is the tens digit of 90883?
8
What is the tens digit of 955?
5
What is the tens digit of 19259?
5
What is the units digit of 32195?
5
What is the tens digit of 86560?
6
What is the tens digit of 144?
4
What is the hundreds digit of 3054?
0
What is the hundreds digit of 10160?
1
What is the units digit of 968?
8
What is the hundreds digit of 298?
2
What is the ten thousands digit of 44924?
4
What is the hundred thousands digit of 109024?
1
What is the hundreds digit of 100213?
2
What is the hundreds digit of 564?
5
What is the tens digit of 4750?
5
What is the hundreds digit of 23532?
5
What is the tens digit of 2185?
8
What is the tens digit of 37982?
8
What is the units digit of 4673?
3
What is the tens digit of 1468?
6
What is the hundred thousands digit of 168436?
1
What is the hundreds digit of 1413?
4
What is the tens digit of 2267?
6
What is the units digit of 520?
0
What is the tens digit of 645?
4
What is the tens digit of 19415?
1
What is the tens digit of 38408?
0
What is the hundreds digit of 1903?
9
What is the thousands digit of 2547?
2
What is the thousands digit of 3317?
3
What is the tens digit of 4145?
4
What is the tens digit of 1975?
7
What is the units digit of 10781?
1
What is the units digit of 2715?
5
What is the thousands digit of 3779?
3
What is the units digit of 6304?
4
What is the units digit of 188?
8
What is the units digit of 300?
0
What is the hundreds digit of 5768?
7
What is the tens digit of 2404?
0
What is the units digit of 2323?
3
What is the units digit of 20979?
9
What is the tens digit of 1222?
2
What is the hundreds digit of 8452?
4
What is the units digit of 713?
3
What is the ten thousands digit of 13654?
1
What is the units digit of 638?
8
What is the hundreds digit of 9498?
4
What is the units digit of 4899?
9
What is the units digit of 662?
2
What is the units digit of 1036?
6
What is the ten thousands digit of 21575?
2
What is the thousands digit of 3473?
3
What is the hundreds digit of 32850?
8
What is the hundreds digit of 410?
4
What is the thousands digit of 3199?
3
What is the ten thousands digit of 40535?
4
What is the tens digit of 37?
3
What is the thousands digit of 1539?
1
What is the hundreds digit of 1352?
3
What is the tens digit of 8677?
7
What is the units digit of 2333?
3
What is the thousands digit of 21168?
1
What is the units digit of 17513?
3
What is the units digit of 10545?
5
What is the thousands digit of 2896?
2
What is the hundreds digit of 14498?
4
What is the hundreds digit of 493?
4
What is the hundreds digit of 815?
8
What is the units digit of 7?
7
What is the units digit of 42825?
5
What is the units digit of 446?
6
What is the ten thousands digit of 99955?
9
What is the units digit of 36230?
0
What is the hundreds digit of 28116?
1
What is the ten thousands digit of 53117?
5
What is the tens digit of 106484?
8
What is the units digit of 7495?
5
What is the units digit of 3270?
0
What is the hundreds digit of 305?
3
What is the tens digit of 15078?
7
What is the tens digit of 4509?
0
What is the tens digit of 71973?
7
What is the thousands digit of 8012?
8
What is the units digit of 588?
8
What is the thousands digit of 1855?
1
What is the tens digit of 296?
9
What is the units digit of 5186?
6
What is the units digit of 2312?
2
What is the units digit of 745?
5
What is the tens digit of 20560?
6
What is the units digit of 1728?
8
What is the tens digit of 2824?
2
What is the units digit of 799?
9
What is the tens digit of 7421?
2
What is the tens digit of 4160?
6
What is the hundreds digit of 158945?
9
What is the tens digit of 6024?
2
What is the hundreds digit of 3127?
1
What is the hundreds digit of 9131?
1
What is the hundreds digit of 8871?
8
What is the units digit of 5893?
3
What is the ten thousands digit of 45629?
4
What is the tens digit of 839?
3
What is the thousands digit of 25253?
5
What is the hundreds digit of 310?
3
What is the units digit of 3295?
5
What is the tens digit of 4954?
5
What is the units digit of 15903?
3
What is the tens digit of 465?
6
What is the hundreds digit of 8866?
8
What is the hundreds digit of 843?
8
What is the hundreds digit of 633?
6
What is the tens digit of 1385?
8
What is the thousands digit of 1255?
1
What is the thousands digit of 3707?
3
What is the units digit of 185484?
4
What is the hundreds digit of 1056?
0
What is the tens digit of 77235?
3
What is the hundreds digit of 839?
8
What is the units digit of 2105?
5
What is the thousands digit of 36167?
6
What is the hundreds digit of 836?
8
What is the tens digit of 221?
2
What is the thousands digit of 2542?
2
What is the thousands digit of 1177?
1
What is the tens digit of 141808?
0
What is the hundreds digit of 467?
4
What is the hundreds digit of 1429?
4
What is the units digit of 6066?
6
What is the thousands digit of 46644?
6
What is the thousands digit of 95285?
5
What is the units digit of 3154?
4
What is the units digit of 2923?
3
What is the ten thousands digit of 68500?
6
What is the ten thousands digit of 11353?
1
What is the thousands digit of 7530?
7
What is the units digit of 1319?
9
What is the units digit of 52993?
3
What is the hundreds digit of 42261?
2
What is the hundreds digit of 20349?
3
What is the hundreds digit of 501?
5
What is the tens digit of 2580?
8
What is the tens digit of 14882?
8
What is the units digit of 1426?
6
What is the thousands digit of 67708?
7
What is the units digit of 3546?
6
What is the units digit of